20, -2*f + 12 = 2*j. Suppose -f*d - 4*r = -28, r + 24 = 2*d - 2*r. Let x = 116 - 35. What is the highest common factor of x and d?
9
Let d be 13 - ((-9)/(-3))/1. Suppose 5*t = 3*t + d. Suppose 3*l - 36 = -2*o - 0*o, 0 = l - 2. Calculate the greatest common factor of o and t.
5
Let x(v) = v**2 - 3*v - 4. Let r be x(5). Suppose r*w - 3*w - 84 = 0. What is the highest common factor of 4 and w?
4
Suppose -6*s + 3*s = -5*u + 382, -12 = 3*s. Let y = u - 38. Calculate the greatest common factor of 4 and y.
4
Suppose 3*a + 0*a + 57 = 0. Let p = 89 + a. Suppose 0 = 2*s + 3*s - 70. Calculate the greatest common divisor of s and p.
14
Suppose 25 = 5*d, -2*x - d - d + 40 = 0. Calculate the greatest common factor of 15 and x.
15
Let r(j) = -j**3 - 4*j**2 - 8. Let f be r(-6). What is the greatest common factor of 8 and f?
8
Suppose s - 44 = -3*s - 3*b, b = -2*s + 22. Suppose 4 - 20 = 4*j + 5*u, 5*j - 1 = -u. Calculate the greatest common factor of s and j.
1
Let q = -6 - -10. Suppose -s = -q*s + 36. Calculate the greatest common divisor of 120 and s.
12
Suppose -8*a = -9*a + 33. What is the greatest common divisor of a and 264?
33
Let g be (1/2)/(6/360). What is the highest common divisor of 5 and g?
5
Let r = 280 - 128. Suppose 5*b = f + r, -b + 6*b + f = 148. What is the greatest common factor of 6 and b?
6
Suppose -4*u + u + 99 = 2*x, -u + 280 = 5*x. Suppose -18 = -4*n + 18. Let w be 340/n + 6/27. Calculate the greatest common factor of x and w.
19
Let g be (-8)/(-36) + (-2)/9. Suppose -s + 10 = -g*s. Calculate the greatest common factor of 100 and s.
10
Let k = 3 + 8. Suppose -24*l + 25*l = 44. Calculate the greatest common factor of k and l.
11
Let r be (3/(-3))/(2/24). Let u be 105/(-6)*r/5. Calculate the greatest common factor of u and 6.
6
Let w = -17 - -14. Let c(g) = -g**3 - 2*g**2 + g + 2. Let x be c(w). What is the highest common factor of x and 4?
4
Let f = -105 + 186. Let v be ((-27)/6)/((-1)/2). Calculate the highest common divisor of v and f.
9
Suppose l - 7 = 4*w + 54, -3*l = 5*w + 72. Let v be (w/6)/(1/(-4)). Suppose y = 6*y - v. What is the highest common factor of y and 1?
1
Let r(c) = -103*c**2 + 1. Let q(h) = -104*h**2 + 1. Let d(j) = 6*q(j) - 7*r(j). Let p be d(-1). Calculate the highest common factor of p and 12.
12
Let j(m) = -4*m - 4. Let x be j(-4). Suppose 3*y = 2*y - 10. Let i be (-238)/y - 2/(-10). What is the highest common factor of x and i?
12
Let k = 6 + 120. Let r be (0 - -14)*(1 - 0). Calculate the highest common divisor of k and r.
14
Let l be (42 - 1) + (-9 - -7). Calculate the greatest common factor of 26 and l.
13
Let k be (-162)/(-15) + (-8)/10. What is the greatest common divisor of 2 and k?
2
Suppose -9 = -g + 4*y, -4*g = 5*y - 0*y - 15. What is the greatest common factor of 20 and g?
5
Let d be 5 + 0/(-1) - -4. Calculate the highest common divisor of 45 and d.
9
Let r = -19 + 64. What is the greatest common divisor of r and 225?
45
Suppose 8*h - 3*h - 1508 = 4*q, -5*q = -5*h + 1505. Suppose 2*y + 0*y = -h. Let g be (-8)/20 - y/5. Calculate the greatest common factor of g and 20.
10
Suppose -3*p - 57 + 351 = 0. Suppose -p = -2*u - j, -3*u + 5*j = -7*u + 202. Calculate the highest common factor of 6 and u.
6
Let y = -1 - -1. Let h(q) = q**3 - 3 + 4 - q + 7*q**2 + 0*q + y. Let s be h(-7). Calculate the greatest common factor of 32 and s.
8
Suppose 2*h + 17 - 43 = 0. What is the greatest common divisor of 65 and h?
13
Let x = 66 - 11. What is the greatest common factor of x and 22?
11
Let y(p) = 6*p. Let r be y(3). What is the highest common factor of 2 and r?
2
Let w(b) = 2*b - 24. Let s be w(15). Let q be (1/2)/((-2)/(-24)). Calculate the greatest common divisor of s and q.
6
Let d be -21*(-1 + 8/12). Let v(h) = -4*h**3 - 2. Let s be v(2). Let k = -20 - s. What is the greatest common divisor of d and k?
7
Let b be (-16)/6*30/(-8). Let q = -185 + 553. Suppose -3*p + 12 = 0, -4*z - 2*p + q = -0*z. What is the highest common factor of b and z?
10
Let w = 192 - 24. Suppose -2*v = 2*v - w. Let p(k) = k + 28. Let u be p(0). What is the highest common factor of u and v?
14
Let m be 3/(2/2 + 0). Let i be (-9)/15 + (-5 - (-129)/15). What is the greatest common divisor of i and m?
3
Suppose -20*p = -22*p + 50. What is the greatest common factor of 225 and p?
25
Let t(s) = s**3 + 13*s**2 + 9*s - 16. Let u(b) = b**3 + 2*b**2 - 4*b + 4. Let n be u(-4). Let v be t(n). Calculate the highest common factor of 220 and v.
20
Let u = 58 - 42. What is the greatest common divisor of u and 112?
16
Suppose 0 = -5*l + 2*l + 63. Let b(s) = 5*s**2 + 2*s. Let q be b(-6). Calculate the greatest common divisor of l and q.
21
Suppose 0 = -5*i - 4 - 1, -2*w + 4 = 2*i. Let b be (-2)/w - 38/(-3). Let m(v) = -19*v - 6. Let y be m(-6). What is the highest common divisor of b and y?
12
Let q(y) = -y**3 + 12*y**2 - 9*y - 10. Let g be q(11). Suppose -x + 89 = 5*c, 4*c = 2 + 2. What is the highest common divisor of x and g?
12
Suppose 4*n = -7 - 5. Let o = n + 16. What is the greatest common factor of 13 and o?
13
Let d be 51 - 2/(8/(-4)). Let r = -33 + 46. Calculate the highest common divisor of r and d.
13
Let q be (2/(-3))/((-2)/15). Let x(l) = l**3 - 6*l**2 + 7*l - 3. Let y be x(q). Let a = 1 - -34. Calculate the highest common divisor of y and a.
7
Suppose -4*q = 362 + 390. Let y = q + 64. Let t = y - -184. Calculate the highest common factor of 20 and t.
20
Let z(h) = -6*h**3 + 3*h**2 - h - 8. Let p be z(-2). Calculate the highest common factor of p and 27.
27
Let c(u) = -5*u. Suppose -3*b = -2*j + 6, b + 0 = -2*j - 10. Let r be c(b). What is the highest common divisor of r and 8?
4
Suppose -c - 3*p = p + 15, -2*c + 22 = -5*p. Let k = 8 - 4. Suppose -5 = -k*a - a. What is the greatest common divisor of c and a?
1
Let x = -1 + 3. Suppose 10 = 3*o + x*o. Suppose -o*s - 10 + 186 = 0. What is the greatest common divisor of 8 and s?
8
Let n(p) = -7*p + 2. Suppose 2*k + 3*b + b + 8 = 0, 4*b = k - 2. Let j be n(k). Calculate the highest common factor of j and 4.
4
Suppose 0 = 4*c + w - 320, -3*c + 3*w = c - 320. What is the greatest common factor of 16 and c?
16
Let a = 20 - 12. What is the highest common divisor of a and 64?
8
Let a(f) = -3*f - 2. Let k(h) = h**3 - 4*h**2 + 3*h. Let i be k(2). Let p be a(i). Let r be (-1)/p - (-68)/16. Calculate the highest common divisor of r and 6.
2
Let o be (45/20)/(1/28). Suppose -l + o = 15. Calculate the greatest common factor of l and 12.
12
Let a be (12/5)/(4/170). Suppose -3*o + 21 = 3*w - a, -2*o + 37 = w. Let c = -11 + 20. What is the greatest common divisor of w and c?
9
Let r(q) = -q**3 - 4*q**2 - 6. Let l be r(-5). What is the greatest common divisor of 95 and l?
19
Suppose 9*b - 187 + 25 = 0. Let u = 126 + -54. What is the highest common factor of u and b?
18
Let l = 45 + -25. What is the highest common divisor of l and 50?
10
Let a be (-4)/16 - (-151)/(-4). Let w = -10 - a. What is the highest common divisor of w and 14?
14
Let q(s) = -s**3 + s**2 - 1. Let z(n) = 15*n**3 - 3*n**2 + 2. Let d(o) = -3*q(o) - z(o). Let x be d(-1). Calculate the greatest common factor of 13 and x.
13
Let s = -16 - -27. Let p = s - 8. Suppose 103 - 7 = p*m. What is the greatest common factor of m and 4?
4
Let h(m) = -3*m + 3. Let a be h(-5). Suppose -36 = -4*w + 4*n, -3*w + 4*n + 25 = 1. Calculate the highest common divisor of w and a.
6
Suppose -5*b = -3*b - 2*o - 10, -b - o = 1. Let u(z) = -17*z - 3. Let i be u(-3). Let j = i + -32. What is the highest common divisor of b and j?
2
Suppose 0 = o - 4*o + 12. Let x = -15 - -35. What is the highest common factor of x and o?
4
Suppose -2*b + 10 = p, 4*p - 3 = b + 1. Suppose 3*k - 16 = -o, 2 = b*k + 5*o - 23. Let x = -61 + 96. Calculate the greatest common divisor of k and x.
5
Suppose 3*a - 57 + 0 = 0. Let h(m) = 15*m**2 - 7*m. Let o be h(3). What is the highest common divisor of o and a?
19
Let l(y) = -2*y**3 - y**2 + y + 1. Let c be l(-1). Let b be 13*(-2 + c - -2). Calculate the greatest common divisor of 52 and b.
13
Suppose -1009 = -4*g - 177. Calculate the greatest common factor of g and 26.
26
Suppose 2*u = 5*y + 1, y + y - 4*u + 10 = 0. What is the highest common factor of y and 11?
1
Let k = 4 + 7. What is the greatest common divisor of 11 and k?
11
Let y be 1/((-16)